t i = 21 - 11. Suppose i*a = 333 - 93. Calculate the greatest common factor of 48 and a.
24
Let v = -1525 + 6272. What is the highest common factor of v and 47?
47
Let i = -3301 - -9421. What is the greatest common factor of i and 36?
36
Let t = -839 - -853. Calculate the highest common divisor of 427 and t.
7
Let f = 11718 - 11542. Calculate the greatest common divisor of 891 and f.
11
Let j(d) = 270*d + 415. Let y be j(3). Calculate the highest common factor of y and 350.
175
Let p = -52 - -55. Let u be p/(-7) + (-4770)/84*2. Let f be (4/8)/((-3)/u). Calculate the highest common divisor of 285 and f.
19
Suppose -398*r = -198*r - 197*r - 180. Calculate the highest common factor of 19340 and r.
20
Let l = 3922 - 3888. What is the highest common factor of l and 34?
34
Let x = 1057 + -270. Let i = x - 462. What is the highest common divisor of 26 and i?
13
Suppose -65 + 713 = 18*d. Calculate the highest common divisor of 11916 and d.
36
Suppose 5*k - 4*j = 1022, 0*j = -k - 3*j + 193. Let p = k + -161. Calculate the greatest common divisor of p and 287.
41
Let v(o) = o**2 - 14*o + 3. Let p be v(14). Suppose -p*k + 8 + 13 = 0. Let j(z) = 14*z. Let d be j(1). Calculate the highest common divisor of d and k.
7
Let v(q) = -11 - 78 + 6*q + 5. Let g be v(19). Calculate the greatest common divisor of 10 and g.
10
Suppose 1095 = 2*g + a, -1116*g + 1117*g - 537 = a. Calculate the greatest common divisor of g and 4556.
68
Suppose 4*i + o - 87643 = 0, 3123*i + 65730 = 3126*i + o. What is the highest common factor of i and 51?
17
Let v(n) = -n**3 + 9*n**2 + n - 9. Let f be v(9). Suppose -2*h + 27 + 15 = f. Let x = -5 + h. What is the highest common factor of x and 80?
16
Suppose 0 = -2*n + 3*s + 21, -5*n + 2*s = -8*n - 1. Let f be (n + -1)/(((-24)/1890)/(-2)). What is the highest common factor of f and 35?
35
Let g be 224/12*900/350. What is the greatest common divisor of 1956 and g?
12
Suppose 4*u + 22 = -22. Let o be ((-76)/10)/(u/275). Suppose 0 = 6*i - i - o. What is the greatest common divisor of i and 152?
38
Suppose 0 = -118*r + 77*r + 1107. What is the highest common factor of r and 1008?
9
Let q be (-711)/(-18) - (-3)/(-2). Let k(u) = 3*u - 33. Let p be k(4). Let j be ((-133)/p)/(2/24 - 0). What is the highest common divisor of q and j?
38
Suppose 5*k - 6 = 9. Let r(p) = -13*p**2 + p**3 + 2 + 32*p**2 - 8*p - 17*p**2. Let q be r(k). Calculate the greatest common factor of 115 and q.
23
Let g be (11844/504)/(1/22). What is the highest common divisor of g and 88?
11
Suppose -18 = y + 4. Let n = 52 + y. Let m be n/2 + -1 + 4. What is the highest common factor of m and 72?
18
Suppose 0 = -7*t + 6577 - 690. Suppose -2241 = -28*a - t. Calculate the greatest common factor of 80 and a.
10
Let w(n) = 54*n + 4. Let g be 2/((3 - 0)/(-6)*-4). Let a be w(g). What is the highest common factor of a and 145?
29
Suppose 3*c - 954 = t, -960 = -6*c + 3*c - t. Suppose -v = -1 - 28. Calculate the greatest common divisor of v and c.
29
Let j be ((-1040)/(-2))/8*(-6 + 39). What is the highest common divisor of 1365 and j?
195
Let r be 11700/78*((-9)/(-6) + -1). Calculate the greatest common divisor of 600 and r.
75
Suppose -12*x + 3995 = -15373. Calculate the highest common factor of 6 and x.
6
Let l = 2 - 0. Suppose -2*t + 3*g + 17 = 2*g, -l*g = 3*t - 36. What is the greatest common factor of t and 10?
10
Let s(o) = 93*o**2 - 141*o + 1384. Let z be s(11). Calculate the highest common factor of z and 46.
46
Let w be (-38)/(3/((-9)/6)). Let q be 4/14 - ((-156)/(-7) + -2). Let h be (608/q)/(-8)*10. Calculate the greatest common divisor of h and w.
19
Suppose -2*a - 6 = 2*w - 20, w = 2*a - 2. Suppose 4*u = 4*i - 1276, 5*i = 3*u - w*u + 1595. Calculate the greatest common divisor of i and 33.
11
Suppose 11 = 3*v + 5*k, 2*v + 13 - 27 = -2*k. Calculate the highest common factor of 192 and v.
12
Let v = 60 - 53. Suppose y + 120 = v*y. What is the highest common divisor of y and 5?
5
Suppose -230 - 109 = -h. Let j be h/12 + (-14)/(-8). Calculate the highest common divisor of 130 and j.
10
Let r(t) = 3*t**2 + 62*t - 2555. Let h be r(26). Calculate the highest common divisor of h and 245.
35
Suppose 1395 = -215*x - 89*x + 15987. Calculate the highest common factor of x and 4864.
16
Suppose k - 4169 - 86 = t, -2*t = -5*k + 21302. Calculate the greatest common divisor of 312 and k.
104
Suppose w + 59 = -90*v + 92*v, -3*v + 92 = -5*w. Calculate the highest common divisor of 25 and v.
1
Suppose 32*t = -81*t + t + 313488. What is the highest common factor of 27 and t?
9
Let s = 24858 + -24794. Calculate the greatest common factor of 52 and s.
4
Let g = 2810 + -2726. What is the greatest common divisor of 1974 and g?
42
Let s(o) = 22*o**2 + 43*o - 230. Let l be s(6). Calculate the highest common factor of l and 80.
20
Let l be (292/60 - 5) + (-2204306)/(-195). What is the highest common divisor of 18 and l?
18
Suppose -2*l = -146 - 398. Suppose 0 = -77*v + 770 + 3157. Calculate the highest common divisor of l and v.
17
Let x(i) = i**3 - 19*i**2 + 32*i + 39. Let k be x(17). Let r(q) = q**3 - 11*q**2 + 21*q - 85. Let z be r(10). Calculate the greatest common divisor of z and k.
5
Let a = -87884 + 87969. Suppose -5*n = 5*c - 6805, 5*c + 4076 = 3*n + c. Calculate the highest common factor of a and n.
85
Let t be -10 - -7 - (-59 - -2 - 0). Suppose -122*l + 4020 = 17*l - 5*l. What is the greatest common divisor of l and t?
6
Suppose -5*z + g = -45, -3*z + g + 34 = -g. Let k = -6 + 6. Let c be (k + -2)*-1 - (-6)/1. Calculate the highest common divisor of c and z.
8
Suppose -4*i + 4*t + 155 = -789, 3*i + 2*t = 708. Let w be (-3)/(-6)*(-6 + 496/4). Calculate the highest common factor of i and w.
59
Let t be -1*1 - (-24)/2. Suppose -x - 27 = -35. Let i(u) = 10*u - 69. Let p be i(x). What is the highest common factor of t and p?
11
Suppose 24*v = 29*v - 615. Suppose -2*w - v = -3*c + 2, -w + 74 = 2*c. Calculate the greatest common factor of 27 and c.
3
Let w = 33470 + -12179. Calculate the highest common divisor of 423 and w.
141
Let c be 4/((-6*1)/(90/(-20))). Suppose -16 = -2*h - 2*h, -348 = -3*t - c*h. What is the greatest common divisor of 32 and t?
16
Suppose -5*o + 28*o - 2691 = 0. What is the highest common factor of o and 6903?
117
Let t be (0 + 7)*(-16)/40*5. Let o be (40/t)/10 + (-149)/(-7). Calculate the greatest common factor of 35 and o.
7
Suppose -39*a - 76 = -232. Let c be (a*(-18)/(-48))/((-6)/(-380)). Suppose -4*u = -23 - 53. What is the greatest common divisor of c and u?
19
Suppose -5*d = -4*b + 8*b - 517, 4*d = -4*b + 412. Calculate the highest common factor of d and 903.
21
Suppose -802*r + 805*r - 2*i - 30 = 0, -4*r + 2*i = -42. Calculate the highest common divisor of 147 and r.
3
Let d(t) = -4*t + 105. Let w be d(12). Let f = 122 - w. Calculate the highest common factor of 845 and f.
65
Let o(h) = 1841*h - 77265. Let f be o(42). Suppose -5*s + 185 = -5*t, -2*s + t + 75 = -0*t. Calculate the highest common divisor of s and f.
19
Suppose -4*u = 16*u. Suppose -46*c + 19*c + 1890 = u. Calculate the greatest common factor of c and 20.
10
Suppose 0 = -10*g - 20*g - 4635 + 26715. What is the highest common factor of g and 576?
32
Suppose -5*v + 201 = -3*w, 0 = -v - 5*w + 3*w + 48. Suppose 0 = -3*z + 6*z. Suppose 2*i - 26 - 86 = z. What is the highest common divisor of v and i?
14
Suppose 0 = 4*f - 3*j - 42, -103*j - 37 = -5*f - 107*j. Calculate the greatest common divisor of f and 8.
1
Let v = -175 - -177. Let f = 332 - v. What is the greatest common factor of 22 and f?
22
Let f be -9 + 58 - (7 + -8). Let a be (-12)/(-16) + 418/8. Suppose -3*u = -a - 7. Calculate the highest common factor of u and f.
10
Let p be (-2)/7*(-4 + (-1 - 2)). Suppose 14 = w + 12, -2*n = p*w - 1304. Calculate the highest common factor of n and 52.
26
Suppose 5*m = -n + 12, 3*n + 2 + 19 = 4*m. Let b be 44/11 - (-3)/(m/(-16)). Let i be (b/(-48))/((-6)/8)*-375. What is the highest common divisor of 50 and i?
25
Suppose -2713*z + 2722*z = 48087. What is the highest common divisor of 39 and z?
39
Suppose -k - g + 148 = -4*k, -3*g = 5*k + 270. Let t be (-119)/k - 2/(-3). Suppose -5 = -3*f + 7. What is the greatest common factor of f and t?
1
Let t = -4272 - -4320. Calculate the greatest common divisor of t an